v - v - 1 - f*v - 2. Give l(2).
1
Let s(w) be the first derivative of w**4/4 + 4*w**3/3 + w**2/2 - 2*w - 1. Calculate s(-3).
4
Suppose -3*b - 15 = -3*q, q = -3*b + 4 - 15. Let h(w) = -w**2 - 1. Let j(p) = p**3 - p**2 - 7*p - 9. Let l(c) = 4*h(c) - j(c). Give l(b).
-7
Suppose -2*b + 15 = 3*l, -4*l + 24 = b - 1. Let n(h) = -14*h**2 - 2*h + 13*h**2 + 8*h + l. Determine n(5).
12
Let h(n) be the first derivative of n**3/3 + 3*n**2 - n + 1. Let i(d) = 8*d + 19. Let j be i(-3). Give h(j).
-6
Let w be (18/8)/(15/20). Let z(j) = -j**3 + 2*j**2 + 5*j - 3. Calculate z(w).
3
Let t be (-1)/(1/(-2)*(-12)/30). Let l(d) = 2*d + 3. Give l(t).
-7
Let i(s) be the second derivative of -s**4/4 + s**3/2 - s**2/2 + 9*s. What is i(2)?
-7
Suppose z + 4*d = -9, d = 2*z + 3*d + 12. Let u(r) = 5*r**3 + 2*r**2 + r + 12. Let h(c) = -11*c**3 - 5*c**2 - c - 25. Let t(o) = 6*h(o) + 13*u(o). What is t(z)?
-4
Let x(q) = -6*q - 3. Let o(n) = 3*n + 1. Let k(c) = 5*o(c) + 2*x(c). Let l be (-2)/5 + (-6)/10. Let s = l + 2. What is k(s)?
2
Let l(o) = -o**3 - 4*o**2 - 2*o - 2. Let m be (10/15*2)/((-1)/3). Determine l(m).
6
Suppose 5*f - 58 = -4*p, -3*p - 2*f + 25 = -22. Suppose 5*u = p + 3. Let g(a) = u*a - 5 - a - 4*a. What is g(-4)?
-1
Let m(d) = d - 2. Let b = -14 + 26. Suppose 5*w + 0*i - 5 = -5*i, 2*i + b = 5*w. Determine m(w).
0
Let s(l) = -5*l + 5. Let r(h) = -4*h + 5. Let i(u) = -6*r(u) + 5*s(u). Suppose -o + f + 3*f = 8, 0 = 2*o - 4*f + 8. What is i(o)?
-5
Let b be (5 - -1) + 0 + 1. Let c(o) be the third derivative of -o**6/120 + 7*o**5/60 - o**4/24 + 5*o**3/6 + 122*o**2. Give c(b).
-2
Let j(y) = -3*y**2 - 29*y + 5. Let b(n) = -n**2 - 10*n + 2. Let c(h) = 8*b(h) - 3*j(h). Calculate c(-5).
-9
Let n = 11 - 8. Let f(y) = y + 0*y - y + n + 4*y. Calculate f(-2).
-5
Let x(s) = -2*s**3 - 4*s**2 + 15*s - 11. Let y(h) = h**3 + 2*h**2 - 8*h + 6. Let u(c) = 6*x(c) + 11*y(c). Give u(-3).
3
Let s(u) = -10*u**2 + 1. Let b be (10/25)/((24/15)/4). Give s(b).
-9
Let f(q) = q**3 - 3*q**2 + 3*q + 1. Let k = 4 - 4. Suppose k = 2*t - t + 2*w - 11, 5*t + 2*w = 23. Give f(t).
10
Suppose 9 = -5*f + p - 0*p, 3*f = -p + 1. Let s be -1*(4 - (f - 0)). Let u(l) = -l**2 - 6*l - 4. What is u(s)?
1
Let d be (3/(-2))/(2/(-4)). Let a(g) = g - 4. Let x be a(6). Let n(l) = d*l + 2 + l**2 + l + x*l**2. Give n(-2).
6
Let d(m) = m**3 - 5*m**2 + m. Let a(w) = w**2. Let x be a(-2). Suppose -x + 0 = -z. Give d(z).
-12
Suppose -9 = -t - 2*t. Let y(c) = 4*c**2 - t*c**2 + 0*c - c. Let h be 0/4*1/2. Determine y(h).
0
Suppose 2*s + a + 3*a - 12 = 0, -2*a = 2*s - 12. Let w(h) = -s*h**2 - 6*h**3 + 2*h + 6*h**2 + 0*h + 1. Calculate w(-1).
5
Let l(s) be the second derivative of s**8/6720 + s**7/420 + s**6/720 + s**5/30 - s**4/6 + 3*s. Let q(j) be the third derivative of l(j). Determine q(-6).
-2
Let j(g) = -2*g + 7. Suppose 45 = 62*i - 57*i. Give j(i).
-11
Let t be 56/10*(-5)/(-2). Let l(c) = t - 2*c - c - 2*c - 4 - c**2. Let k be l(-7). Let r(b) = b**3 + 4*b**2 + 2*b + 2. What is r(k)?
-6
Suppose 3*c - 12 = -c. Suppose -2*u + 4*r - 5 = -u, c = -u + 2*r. Let x(f) = -5*f + 2. Let k(n) = -9*n + 3. Let z(i) = -3*k(i) + 5*x(i). Give z(u).
-1
Suppose 8*o + 10 = 10*o. Let u(k) = 3*k + 13. Let z(w) = -2*w - 12. Let g(m) = -3*u(m) - 4*z(m). Give g(o).
4
Let q be 2/(2/20*4). Let p(o) be the first derivative of o**5/60 - o**4/4 - o**3/2 + o**2/2 + 3. Let v(l) be the second derivative of p(l). Give v(q).
-8
Let s(u) = u - 6. Suppose -5 = -4*k + 23. Give s(k).
1
Let f(j) be the third derivative of -j**5/60 + j**4/6 + j**3/3 - 30*j**2. Give f(-3).
-19
Let k(r) = r**2 - 4. Let p(j) = -1. Let a(o) = 4*o - 2. Let h(g) = a(g) - 3*p(g). Let l be h(-1). What is k(l)?
5
Let b = 1 + 2. Suppose 12 = -b*k - 3*l, -l - 4*l - 2 = 2*k. Let z(r) = -r. What is z(k)?
6
Let q(j) = -4*j**2 + 1. Let a(w) be the first derivative of 5*w**2/2 - w + 1. Let u be a(-1). Let l be u/8 + (-6)/24. Determine q(l).
-3
Let l be 16/7 - 12/42. Suppose 0 = l*u - 2*z + 4 + 2, 2*z = -6. Let v(j) = -j**2 - 5*j + 1. Calculate v(u).
-5
Suppose -2*i = 2*g - 16, -2*i + 4*i - 4*g = -14. Let x(l) = 0*l**3 + l - l**i - 6*l**2 + 1 + 2 + 3. What is x(-6)?
0
Let n(i) = -23*i + 0*i**2 + 9*i + 9*i - 10 + i**2. Calculate n(7).
4
Suppose 4*v + v + 2*x + 1 = 0, 2*v - x + 4 = 0. Suppose 4*m - 16 = -0*m. Let g(a) = 3*a - m + 2*a + 4. Determine g(v).
-5
Let y(p) be the first derivative of -p**3/3 - p**2/2 + 2*p + 43. Determine y(2).
-4
Let q(j) = -2*j - 6. Let o(b) = 2*b**2 - b**2 + 2*b**3 - 2 - b**3. Let h be o(-2). Determine q(h).
6
Let n(i) be the first derivative of i**2/2 - 3*i - 5. Determine n(9).
6
Suppose 0 = -3*t + 2*v + 4, 4*t + 2*v = 2*t + 6. Let n(y) = 4 - y - t - 1. Suppose -r + 2*g = -3*g - 16, -r = -4*g - 12. Give n(r).
5
Let m(q) be the second derivative of -q**4/12 + q**3 + q**2/2 + 3*q. Give m(5).
6
Let w(c) = 11*c - 29. Let n be w(3). Let y(q) = 2*q - 2. Determine y(n).
6
Suppose -4*o = -3*o - 6. Suppose -3*t = -2*f + 15, 4*f + t = o + 3. Let c(i) = i - 4. Determine c(f).
-1
Suppose j = -1, 0 = 5*g - 3*j - 21 - 17. Let m(s) = 2*s - 5. What is m(g)?
9
Let q(g) = -g - 3. Let c = -3 - -3. Let k = 0 + c. Let p be q(k). Let y(s) = -s**2 - 3*s - 2. Give y(p).
-2
Let m(f) = -2*f**2 - 5*f + 4. Let t(r) = r**2 + 5*r - 4. Let l(h) = 2*m(h) + 3*t(h). Let i be (-2)/3 + 210/45. What is l(i)?
0
Let f(q) be the third derivative of q**4/24 - 2*q**3 - 2*q**2. Let z be 508/24 + 3/(-18). Let a = -21 + z. Calculate f(a).
-12
Let i(f) = 154*f**2 + f - 6 - 313*f**2 + 164*f**2 - f**3. Determine i(5).
-1
Let j be 1 + -8 - (-2)/2. Let l(d) = -d**3 + d**2 - 1. Let o(p) = p**3 - 8*p**2 + p + 6. Let x(q) = j*l(q) - o(q). Give x(1).
6
Let z(r) = -r**2 - 11*r - 5. Let k be (-4 - 5) + (-4)/4. Calculate z(k).
5
Let m(s) be the second derivative of s**5/20 - s**4/4 + 2*s**3/3 - s**2 + s. Suppose c - 10 = -c, 5*c - 16 = 3*r. What is m(r)?
10
Let y(j) = 0*j + 3 + 7*j**2 - j + 0*j**3 - j**3 - 4*j**2. Give y(3).
0
Let o(n) = 5*n + 2. Let z(h) = h - 9. Let f be z(6). Let x(d) = -d**2 - 3*d + 2. Let t be x(f). Determine o(t).
12
Suppose 5*m - 12 = 3. Let o(q) = -q**2 + 3*q - 4. Calculate o(m).
-4
Let h be (-3 - -2)*(5 + -1). Let j(f) = 5*f**2 - f + 4. Let r(q) = 12*q**2 - q + 8. Let m(d) = -7*j(d) + 3*r(d). What is m(h)?
-4
Let c(t) = 2*t**3 + t**2 + 3*t + 0*t + 1 - t**3. Calculate c(-2).
-9
Let f(s) = 8*s + 3. Let b be -5 - (3 + (0 - 5)). Give f(b).
-21
Let f(g) be the third derivative of 1/12*g**4 + 0 + 2*g**2 + 0*g + 1/6*g**3. Let y(l) = l**3 - 7*l**2 + 6*l + 3. Let v be y(6). What is f(v)?
7
Let p be 65/10 - 3/2. Suppose 0 = p*l + 22 - 82. Suppose l = 4*c, -z + 3 = c + c. Let b(r) = -2*r - 1. Give b(z).
5
Let c be (16/24)/((-1)/(-3)). Suppose 2*x = -c*x + 8. Suppose x*q - 25 = 7*q. Let j(s) = s - 2. What is j(q)?
-7
Let l = -12 - -17. Let o(u) = 4*u**3 + 10*u**2 - 1. Let x(n) = 3*n**3 - 3*n**3 + 3*n**3 + 14*n**2 - 5*n**2. Let g(a) = -4*o(a) + 5*x(a). Calculate g(l).
4
Let c(h) = 2 - 5 - 3 - 5*h + 2. Let y(z) = 11*z + 9. Let n(b) = -9*c(b) - 4*y(b). Let v be 1*1*-2 - 4. What is n(v)?
-6
Let f(t) = 4*t. Let i be f(1). Suppose 2*o + 12 = i*o. Let d(v) = 11. Let x(c) = c + 12. Let b(g) = 3*d(g) - 2*x(g). Give b(o).
-3
Let h = -10 + 4. Let i(w) be the third derivative of w**5/60 + w**4/24 + w**3/6 + 2*w**2. Let g(y) = 5*y**2 + 5*y + 7. Let z(n) = h*i(n) + g(n). Calculate z(1).
-1
Suppose 0*t = 6*t - 24. Let v(b) = 0*b + t*b - 1 + b. Determine v(-2).
-11
Let w(d) = 3*d**2 - d - 1. Let c be w(-1). Let n(q) = 0 + 0*q**c + 6*q - 1 - 8*q + q**3. Give n(2).
3
Suppose 5*i + j - 67 = 0, 0 = -j - 2 - 1. Suppose 3*m = -4*x + i, 0*x = m + x - 4. Let g(w) = -3*w**2 - w + w**2 - m*w**2. Give g(-1).
-3
Let g(c) = c + 2*c**3 - 4*c**2 + 2 - 3*c**3 + 3*c**3. Let j(t) = t + 2. Let x be j(0). Calculate g(x).
4
Let a(r) = -r**3 - 6*r**2 - 4*r + 5. Suppose 3*w - 24 = 3*f - 75, 0 = -2*w - 2*f - 46. Let t be w/(-8) + 1/2. Suppose -k - 15 - t = 3*v, -k - 8 = v. Give a(v).
0
Let w = 20 - 23. Let u(y) = y**2 + 2*y + 4. Determine u(w).
7
Let l = -6 + 10. Suppose 0*h - 20 = l*h. Let z(x) = 3*x**2 + 0 - 6*x - 7 + 2 - 4*x**2. What is z(h)?
0
Let p(q) = q**3 + 5*q**2 + 3. Let s be 30/(-4)*(-18)/(-27). Determine p(s).
3
Let b(h) = -2*h**2 - 19*h - 4*h**2 + 5*h**2 + 9*h - 9. What is b(-8)?
7
Let o(d) = 718*d**2 + 1 - d - 365*d**2 - 340*d**2. 